{"id":46,"date":"2020-02-10T20:47:03","date_gmt":"2020-02-10T19:47:03","guid":{"rendered":"http:\/\/www.kgboy.de\/wordpress\/?page_id=46"},"modified":"2020-02-20T07:51:05","modified_gmt":"2020-02-20T06:51:05","slug":"der-vorstand","status":"publish","type":"page","link":"https:\/\/www.kgboy.de\/wordpress\/der-vorstand\/","title":{"rendered":"Der Vorstand"},"content":{"rendered":"\n<h2 class=\"wp-block-heading\">Pr\u00e4sident<\/h2>\n\n\n\n<figure class=\"wp-block-image size-large\"><img loading=\"lazy\" decoding=\"async\" width=\"524\" height=\"1024\" src=\"https:\/\/www.kgboy.de\/wordpress\/wp-content\/uploads\/2020\/02\/Feser_Frank-524x1024.png\" alt=\"\" class=\"wp-image-135\" srcset=\"https:\/\/www.kgboy.de\/wordpress\/wp-content\/uploads\/2020\/02\/Feser_Frank-524x1024.png 524w, https:\/\/www.kgboy.de\/wordpress\/wp-content\/uploads\/2020\/02\/Feser_Frank-154x300.png 154w, https:\/\/www.kgboy.de\/wordpress\/wp-content\/uploads\/2020\/02\/Feser_Frank-768x1500.png 768w, https:\/\/www.kgboy.de\/wordpress\/wp-content\/uploads\/2020\/02\/Feser_Frank-786x1536.png 786w, https:\/\/www.kgboy.de\/wordpress\/wp-content\/uploads\/2020\/02\/Feser_Frank-1048x2048.png 1048w, https:\/\/www.kgboy.de\/wordpress\/wp-content\/uploads\/2020\/02\/Feser_Frank.png 1698w\" sizes=\"auto, (max-width: 524px) 100vw, 524px\" \/><figcaption>Frank Feser<\/figcaption><\/figure>\n\n\n\n<h2 class=\"wp-block-heading\">1.er Vorsitzender<\/h2>\n\n\n\n<figure class=\"wp-block-image size-large\"><img loading=\"lazy\" decoding=\"async\" width=\"523\" height=\"1024\" src=\"https:\/\/www.kgboy.de\/wordpress\/wp-content\/uploads\/2020\/02\/Buhla_Klaus-523x1024.png\" alt=\"\" class=\"wp-image-137\" srcset=\"https:\/\/www.kgboy.de\/wordpress\/wp-content\/uploads\/2020\/02\/Buhla_Klaus-523x1024.png 523w, https:\/\/www.kgboy.de\/wordpress\/wp-content\/uploads\/2020\/02\/Buhla_Klaus-153x300.png 153w, https:\/\/www.kgboy.de\/wordpress\/wp-content\/uploads\/2020\/02\/Buhla_Klaus-768x1504.png 768w, https:\/\/www.kgboy.de\/wordpress\/wp-content\/uploads\/2020\/02\/Buhla_Klaus-784x1536.png 784w, https:\/\/www.kgboy.de\/wordpress\/wp-content\/uploads\/2020\/02\/Buhla_Klaus-1046x2048.png 1046w, https:\/\/www.kgboy.de\/wordpress\/wp-content\/uploads\/2020\/02\/Buhla_Klaus.png 1870w\" sizes=\"auto, (max-width: 523px) 100vw, 523px\" \/><figcaption>Klaus Buhla<\/figcaption><\/figure>\n\n\n\n<h2 class=\"wp-block-heading\">2.er Vorsitzender<\/h2>\n\n\n\n<figure class=\"wp-block-image size-large\"><img loading=\"lazy\" decoding=\"async\" width=\"1024\" height=\"554\" src=\"https:\/\/www.kgboy.de\/wordpress\/wp-content\/uploads\/2020\/02\/Narrenkappe_li-1024x554.png\" alt=\"\" class=\"wp-image-224\" srcset=\"https:\/\/www.kgboy.de\/wordpress\/wp-content\/uploads\/2020\/02\/Narrenkappe_li-1024x554.png 1024w, https:\/\/www.kgboy.de\/wordpress\/wp-content\/uploads\/2020\/02\/Narrenkappe_li-300x162.png 300w, https:\/\/www.kgboy.de\/wordpress\/wp-content\/uploads\/2020\/02\/Narrenkappe_li-768x416.png 768w, https:\/\/www.kgboy.de\/wordpress\/wp-content\/uploads\/2020\/02\/Narrenkappe_li-1536x831.png 1536w, https:\/\/www.kgboy.de\/wordpress\/wp-content\/uploads\/2020\/02\/Narrenkappe_li-2048x1108.png 2048w\" sizes=\"auto, (max-width: 706px) 89vw, (max-width: 767px) 82vw, 740px\" \/><figcaption>Klaus Berft<\/figcaption><\/figure>\n\n\n\n<h2 class=\"wp-block-heading\">Gesch\u00e4ftsf\u00fchrer<\/h2>\n\n\n\n<figure class=\"wp-block-image size-large\"><img loading=\"lazy\" decoding=\"async\" width=\"525\" height=\"1024\" src=\"https:\/\/www.kgboy.de\/wordpress\/wp-content\/uploads\/2020\/02\/van_de_sand_Michael-525x1024.png\" alt=\"\" class=\"wp-image-142\" srcset=\"https:\/\/www.kgboy.de\/wordpress\/wp-content\/uploads\/2020\/02\/van_de_sand_Michael-525x1024.png 525w, https:\/\/www.kgboy.de\/wordpress\/wp-content\/uploads\/2020\/02\/van_de_sand_Michael-154x300.png 154w, https:\/\/www.kgboy.de\/wordpress\/wp-content\/uploads\/2020\/02\/van_de_sand_Michael-768x1498.png 768w, https:\/\/www.kgboy.de\/wordpress\/wp-content\/uploads\/2020\/02\/van_de_sand_Michael-787x1536.png 787w, https:\/\/www.kgboy.de\/wordpress\/wp-content\/uploads\/2020\/02\/van_de_sand_Michael-1050x2048.png 1050w, https:\/\/www.kgboy.de\/wordpress\/wp-content\/uploads\/2020\/02\/van_de_sand_Michael.png 1808w\" sizes=\"auto, (max-width: 525px) 100vw, 525px\" \/><figcaption>Michael van de Sand<\/figcaption><\/figure>\n\n\n\n<h2 class=\"wp-block-heading\">Schatzmeister<\/h2>\n\n\n\n<figure class=\"wp-block-image size-large\"><img decoding=\"async\" src=\"https:\/\/www.kgboy.de\/wordpress\/wp-content\/uploads\/2020\/02\/Schramm_Dirk-539x1024.png\" alt=\"\" class=\"wp-image-219\"\/><figcaption>Dirk Schramm<\/figcaption><\/figure>\n\n\n\n<p><\/p>\n","protected":false},"excerpt":{"rendered":"<p>Pr\u00e4sident 1.er Vorsitzender 2.er Vorsitzender Gesch\u00e4ftsf\u00fchrer Schatzmeister<\/p>\n","protected":false},"author":1,"featured_media":0,"parent":0,"menu_order":0,"comment_status":"closed","ping_status":"closed","template":"","meta":{"ngg_post_thumbnail":0,"_EventAllDay":false,"_EventTimezone":"","_EventStartDate":"","_EventEndDate":"","_EventStartDateUTC":"","_EventEndDateUTC":"","_EventShowMap":false,"_EventShowMapLink":false,"_EventURL":"","_EventCost":"","_EventCostDescription":"","_EventCurrencySymbol":"","_EventCurrencyCode":"","_EventCurrencyPosition":"","_EventDateTimeSeparator":"","_EventTimeRangeSeparator":"","_EventOrganizerID":[],"_EventVenueID":[],"_OrganizerEmail":"","_OrganizerPhone":"","_OrganizerWebsite":"","_VenueAddress":"","_VenueCity":"","_VenueCountry":"","_VenueProvince":"","_VenueState":"","_VenueZip":"","_VenuePhone":"","_VenueURL":"","_VenueStateProvince":"","_VenueLat":"","_VenueLng":"","_VenueShowMap":false,"_VenueShowMapLink":false,"footnotes":""},"class_list":["post-46","page","type-page","status-publish","hentry"],"publishpress_future_action":{"enabled":false,"date":"2026-04-27 16:36:09","action":"change-status","newStatus":"draft","terms":[],"taxonomy":"","extraData":[]},"publishpress_future_workflow_manual_trigger":{"enabledWorkflows":[]},"_links":{"self":[{"href":"https:\/\/www.kgboy.de\/wordpress\/wp-json\/wp\/v2\/pages\/46","targetHints":{"allow":["GET"]}}],"collection":[{"href":"https:\/\/www.kgboy.de\/wordpress\/wp-json\/wp\/v2\/pages"}],"about":[{"href":"https:\/\/www.kgboy.de\/wordpress\/wp-json\/wp\/v2\/types\/page"}],"author":[{"embeddable":true,"href":"https:\/\/www.kgboy.de\/wordpress\/wp-json\/wp\/v2\/users\/1"}],"replies":[{"embeddable":true,"href":"https:\/\/www.kgboy.de\/wordpress\/wp-json\/wp\/v2\/comments?post=46"}],"version-history":[{"count":8,"href":"https:\/\/www.kgboy.de\/wordpress\/wp-json\/wp\/v2\/pages\/46\/revisions"}],"predecessor-version":[{"id":227,"href":"https:\/\/www.kgboy.de\/wordpress\/wp-json\/wp\/v2\/pages\/46\/revisions\/227"}],"wp:attachment":[{"href":"https:\/\/www.kgboy.de\/wordpress\/wp-json\/wp\/v2\/media?parent=46"}],"curies":[{"name":"wp","href":"https:\/\/api.w.org\/{rel}","templated":true}]}}